)?
5, 7
Let i(t) = -t**3 + 2*t**2 + t. Let y be i(-1). Suppose 3*l = 5*q - 46, y*l + 3*q = -4 - 14. What are the prime factors of 2/l - (-182)/12?
3, 5
Suppose 4*n + n - 3*k + 61 = 0, -4*k + 30 = -3*n. List the prime factors of 18/9 - 5*n.
2, 3
Let u be (12/8)/(6/16). Let b = 47 - 10. Suppose 13 + 5 = 3*w - u*z, 0 = 4*w - z - b. What are the prime factors of w?
2, 5
Let s = 59 + -55. Suppose s*j + 8*j = 108. What are the prime factors of j?
3
List the prime factors of 3777 - (15/3)/((-20)/24).
3, 13, 97
Let n be 5/(20/16) + -2. Let u(f) = -f + 1. Let g be u(n). What are the prime factors of 9/12*(g - -69)?
3, 17
Let b = 1754 - -104. Suppose -18*x = -5440 + b. List the prime factors of x.
199
Let u be (431 - 8) + (0 - -3). Suppose -2*g + 7*q = 2*q - u, 4*g = -2*q + 876. List the prime factors of g.
2, 109
Suppose 2*f - u - 206 - 988 = 0, 0 = -5*f - 5*u + 2955. What are the prime factors of f?
5, 7, 17
Let g = -101 + 154. Suppose 3*c - 4 = g. Suppose 2*h - 3 = c. What are the prime factors of h?
11
Suppose 0 = -2*q + 2 - 0, -q - 1367 = -4*y. List the prime factors of y.
2, 3, 19
Let n = -5958 + 8531. What are the prime factors of n?
31, 83
Let l(x) = 559*x + 30. What are the prime factors of l(1)?
19, 31
Let a be 3*-1*(3840/(-18))/5. Let p = 321 - a. What are the prime factors of p?
193
Suppose -46*g + 47*g + 13 = 0. Let f = 63 + g. What are the prime factors of f?
2, 5
Suppose 680 = 5*i - 5*w + 2*w, 0 = -2*i - 3*w + 293. List the prime factors of i.
139
Let h(l) = 15*l + 38. Let w(m) = 16*m + 45. Let k(f) = -5*h(f) + 4*w(f). Let n be -2*2*14/8. List the prime factors of k(n).
67
Let q(o) = 27*o**3 - 5*o**2 + 5*o + 1. Let w(b) = 27*b**3 - 4*b**2 + 4*b + 1. Let d(j) = -4*q(j) + 5*w(j). What are the prime factors of d(1)?
2, 7
Suppose -4*f + 30 = -7*f - 4*q, -5*f + q - 27 = 0. What are the prime factors of 5 + 32/(-6) - 776/f?
3, 43
Suppose 0*h + o + 272 = 4*h, 0 = 5*h - 2*o - 340. Suppose 36 = 4*j - 5*i, 2*j + 24 = 6*j - 2*i. Suppose 0 = -6*c + j*c + h. What are the prime factors of c?
2, 17
Suppose -1875 = 3*c - 8*c. List the prime factors of c.
3, 5
Let w be ((-30)/8)/((-3)/(-12)). Let l = 17 + w. Suppose -l*u + 55 = -5. List the prime factors of u.
2, 3, 5
Suppose -4*k - 114 - 42 = 0. Let n = k + 70. List the prime factors of n.
31
Let c = -175 + 177. What are the prime factors of c?
2
Let r be ((-8)/(-14))/(-1 - 18/(-14)). Suppose -40 = -r*t + 466. What are the prime factors of t?
11, 23
Let j(q) = q**3 - 8*q**2 + 10*q - 10. Let z be j(7). Let a(s) = 3 - 2 - 7 + 3*s - 9. List the prime factors of a(z).
2, 3
Suppose -9*t - 14576 = -5*d - 8*t, -11656 = -4*d + 2*t. List the prime factors of d.
2, 3
Let i(x) = 8*x + 25. Let z = -34 + 46. List the prime factors of i(z).
11
Let q(o) = 160*o - 247. List the prime factors of q(11).
17, 89
Suppose -15888 = -21*v + 10131. List the prime factors of v.
3, 7, 59
Suppose 2*z = 4*u - 2*z - 1324, -4 = -2*z. List the prime factors of u.
3, 37
Suppose -d = 2*c, c + 24 = 4*d - 3*c. Suppose -d*r = 1689 + 391. List the prime factors of (r/(-16))/(1/2).
5, 13
Suppose -4*q = -13*q + 8505. List the prime factors of q.
3, 5, 7
Suppose -16*r - 3*y = -20*r + 1923, 0 = -r - 4*y + 495. What are the prime factors of r?
3, 7, 23
Suppose -8*f + 13*f - 25 = 0. Suppose -5*a = s - 2*a - 142, s - f*a = 102. What are the prime factors of s?
127
Suppose 3*b + 9 - 12 = 0. List the prime factors of 238 + (-2 - (0 + 1 + b)).
2, 3, 13
Let f be 5 + (-2 - -1) + 0. Suppose 1227 = 12*g - 933. Suppose f*n + n = g. List the prime factors of n.
2, 3
Let l = 43 + -37. Suppose -4*x + l*x - 160 = 0. List the prime factors of x.
2, 5
Let j = -932 - -2100. What are the prime factors of j?
2, 73
Suppose 1 = -n - 0*n. Let i be (-2)/((n - 0) + 2). List the prime factors of (-1)/(2*i/116).
29
Let p = -3968 + 8250. What are the prime factors of p?
2, 2141
Let j(y) = -y**3 - y**2 - y + 11. Let n be j(0). Let l = n + -2. Suppose l = 3*a - 3, t - a - 25 = 0. What are the prime factors of t?
29
Let y = 5245 + -3258. What are the prime factors of y?
1987
Suppose 5*g + 4*p - 20 = 0, -4*g + 12 + 4 = p. Suppose g*o - 3*t - 274 = 0, o + 3*t - 286 = -3*o. What are the prime factors of o?
2, 5, 7
Let f = -20 + 110. List the prime factors of f.
2, 3, 5
Suppose -o + 5 = 0, -3*q - o + 355 = -2*o. Suppose -5*r + 8*r - q = 0. List the prime factors of r.
2, 5
Suppose 0 = 5*a + 2 - 17, 0 = 5*u + a - 308. List the prime factors of u - -2*(-5)/(-10).
2, 31
Suppose 5*v + 26130 = 5*s, -3*s - 114*v = -112*v - 15668. What are the prime factors of s?
2, 653
Suppose 5*w - 9 = -4*y + 2*y, -4*y = w + 9. Let z be 2*1 - (w - 38). Let g = z - 15. What are the prime factors of g?
2, 11
Let x = 215 + -116. Let q be -4 - (2 - 3) - 41. Let g = q + x. What are the prime factors of g?
5, 11
Let t(k) = k**3 + 3*k**2 + 8*k - 1. Let o(n) = 3*n**3 + 8*n**2 + 25*n - 2. Let x(u) = 2*o(u) - 7*t(u). List the prime factors of x(-4).
11
Suppose 2*x + 25 = 5*l, l = 3*x + x + 5. Suppose x = -4*r + r + 6. Suppose 5*v - r*s - 35 = 20, -v - s = -11. What are the prime factors of v?
11
Suppose -4*r + 11269 + 6923 = -4*j, 9108 = 2*r + j. What are the prime factors of r?
2, 569
Suppose -40 = 98*f - 102*f. Let w(l) = 2*l**3 - 18*l**2 + 7*l + 16. List the prime factors of w(f).
2, 11, 13
Let n = 21 + -21. Suppose n = -2*c - 3*c - 15. List the prime factors of 26/12 + c/18.
2
Let q be 678/5*10/4. Suppose -4*p = -21 - q. List the prime factors of p.
2, 3, 5
Let g(z) = 27*z - 33. List the prime factors of g(11).
2, 3, 11
Let r = 19 + -17. Suppose r*v - v = 106. List the prime factors of v.
2, 53
Suppose 0 = -34*p + 42*p - 64. Suppose -5*w + 0 = -5. List the prime factors of (21/14)/(w/p).
2, 3
Let f(d) be the first derivative of 2*d**3/3 + 9*d**2 + 41*d + 54. List the prime factors of f(-17).
313
Let c(k) = 4*k**2 - 2*k - 4. Suppose -39 + 11 = 4*u. Let i = 11 + u. List the prime factors of c(i).
2, 13
Let m(b) = b**3 + 8*b**2 + 7*b + 9. Let z(s) = s**3 + 5*s**2 - 4*s + 8. Let p be z(-6). What are the prime factors of m(p)?
3, 5
Let f be 561/(-22)*(20/(-6) - -2). Let z = 99 - f. List the prime factors of z.
5, 13
Suppose -2*n + 4*i + 0*i = -2414, 2*i - 3605 = -3*n. List the prime factors of n.
3, 401
What are the prime factors of (-1)/(6/120*-4)?
5
Suppose -3*i = q + 1 + 3, 5*q - 3*i = -20. What are the prime factors of (-452)/(-7) + q/7?
2
Suppose -5*s = 22 - 2. List the prime factors of (-28)/s + -5 + (-172)/(-2).
2, 11
Suppose 0 = n + 3*t - 60, n - 2*t - 136 = -2*n. List the prime factors of n.
2, 3
Let r(h) = 10*h + 232. What are the prime factors of r(-22)?
2, 3
Let z = 637 - 160. List the prime factors of z.
3, 53
Let l be (-5 - 5) + (-2)/(-2). Let p be 4*1/((-12)/l). Suppose -16 = -4*c - p*a + 43, 2*a = 4*c - 34. List the prime factors of c.
11
Suppose 3*z - 9 - 9 = 4*s, 2*z + s - 1 = 0. Suppose 0 = -3*n + z*i + 147, -219 = -4*n - i - 4*i. What are the prime factors of n?
3, 17
Suppose 0 = 8*m - 7*m + 1. List the prime factors of ((-18)/36)/(m/132).
2, 3, 11
What are the prime factors of 58734/33 + 1 + 18/(-22)?
2, 5, 89
Suppose 4 = -w + 5*w. Let j be w*(-1 - -5)*1. Suppose -j*n = -0*n - 80. List the prime factors of n.
2, 5
Suppose 149*z - 150*z = -314. List the prime factors of z.
2, 157
Let f(a) = -a**3 - 2*a**2 + 9*a + 18. Let v be f(-4). Suppose -8 = -2*r, 104 = 2*d - r - v. What are the prime factors of d?
61
Let b(o) be the third derivative of 5/24*o**4 + 7/3*o**3 + 0 + 0*o - 7*o**2. List the prime factors of b(6).
2, 11
Let i be ((-7)/2)/(6/(-48)). Suppose i = -3*r - r. Let p = 37 + r. List the prime factors of p.
2, 3, 5
Let v(o) = o - 5. Let p be v(8). Suppose 5*z - p*c - 15 + 0 = 0, -15 = -5*z + 2*c. Suppose -17 - 4 = -z*s. What are the prime factors of s?
7
Suppose 5*s + 2669 = 2*v, 6*v - 5345 = 2*v + 3*s. List the prime factors of v.
7, 191
Let h(s) = -s**3 + 3*s**2 - s. Let i be (-1 - -3)/8*12. Suppose 6 = -3*p + 3*d, i = -p + 4*d - 11. What are the prime factors of h(p)?
2
Let d(g) = -g**3 - g**2 + g. Let n(o) = -8*o**3 - 5*o**2 + 6*o. Let r(p) = 5*d(p) - n(p). Let t be r(-1). What are the prime factors of (-2)/t*(1 - -11)?
2, 3
Let j = -226 - -375. Suppose -2*c - 5*w + 71 = 0, 3*w - j = -c - 3*c. Let a = -22 + c. What are the prime factors of a?
2
Let u be ((-8)/(-3) + -2)*-1*3. Le